{"id":122,"date":"2024-02-22T10:33:31","date_gmt":"2024-02-22T09:33:31","guid":{"rendered":"https:\/\/macchiafaggeta.com\/?page_id=122"},"modified":"2024-02-22T13:49:00","modified_gmt":"2024-02-22T12:49:00","slug":"criteri-e-indicatori","status":"publish","type":"page","link":"https:\/\/macchiafaggeta.com\/?page_id=122","title":{"rendered":"Criteri e indicatori"},"content":{"rendered":"<div class=\"wpb-content-wrapper\"><p>[vc_row][vc_column][vc_column_text]Il percorso proposto dal PEFC per la certificazione forestale, descritto nel &#8220;Documento tecnico&#8221; presentato in occasione della Conferenza Interministeriale di Lisbona (1998), si sviluppa attraverso appositi standard, rappresentati da 6 criteri che costituiscono la base per lo sviluppo di uno schema di certificazione nazionale (o di livello inferiore) che soddisfi i requisiti della definizione, stabilita dal &#8220;Processo pan-europeo&#8221; e sottoscritta dai Ministri responsabili per le politiche forestali di 37 Paesi, di sostenibilit\u00e0 della gestione forestale:<\/p>\n<p><em>&#8220;la gestione e l&#8217;uso delle foreste e dei terreni forestali nelle forme e ad un tasso di utilizzo tali che consentano di mantenere la loro biodiversit\u00e0, produttivit\u00e0, capacit\u00e0 di rinnovazione, vitalit\u00e0 ed una potenzialit\u00e0 in grado di garantire ora e nel futuro importanti funzioni ecologiche, economiche e sociali a livello locale, nazionale e globale e che non comporti danni ad altri ecosistemi&#8221;<\/em><\/p>\n<p>Il processo di redazione degli standard nazionali, pertanto, dovr\u00e0 basarsi sui seguenti sei Criteri pan-europei che rappresentano gli elementi centrali della GFS e stabiliscono un approccio condiviso e comune al problema:<\/p>\n<ul>\n<li>\n<div align=\"justify\">Mantenimento e appropriato sviluppo delle risorse forestali e loro contributo al ciclo globale del carbonio;<\/div>\n<\/li>\n<li>\n<div align=\"justify\">Mantenimento della salute e vitalit\u00e0 dell&#8217;ecosistema forestale;<\/div>\n<\/li>\n<li>\n<div align=\"justify\">Mantenimento e promozione delle funzioni produttive delle foreste (prodotti legnosi e non);<\/div>\n<\/li>\n<li>\n<div align=\"justify\">Mantenimento, conservazione e adeguato sviluppo della diversit\u00e0 biologica negli ecosistemi forestali;<\/div>\n<\/li>\n<li>\n<div align=\"justify\">Mantenimento e adeguato sviluppo delle funzioni protettive nella gestione forestale (in particolare suolo e acqua);<\/div>\n<\/li>\n<li>\n<div align=\"justify\">Mantenimento di altre funzioni e condizioni socio-economiche.<\/div>\n<\/li>\n<\/ul>\n<p>Detti Criteri sono validati da 27 Indicatori quantitativi (vedi schema), qualitativi e\/o descrittivi (questi ultimi, di carattere legislativo, istituzionale, finanziario e formativo), nonch\u00e9 sostenuti da una serie di 12 Linee Guida Operative, le quali stabiliscono 45 modalit\u00e0 pratiche su come dovrebbero essere condotte le attivit\u00e0 di pianificazione e di gestione forestale.[\/vc_column_text]<style type=\"text\/css\" data-type=\"the7_shortcodes-inline-css\">.shortcode-single-image-wrap.shortcode-single-image-f8e163aaeed93edf851465e36ea2f85f.enable-bg-rollover .rollover i,\n.shortcode-single-image-wrap.shortcode-single-image-f8e163aaeed93edf851465e36ea2f85f.enable-bg-rollover .rollover-video i {\n  background: -webkit-linear-gradient();\n  background: linear-gradient();\n}\n.shortcode-single-image-wrap.shortcode-single-image-f8e163aaeed93edf851465e36ea2f85f .rollover-icon {\n  font-size: 32px;\n  color: #ffffff;\n  min-width: 44px;\n  min-height: 44px;\n  line-height: 44px;\n  border-radius: 100px;\n  border-style: solid;\n  border-width: 0px;\n}\n.dt-icon-bg-on.shortcode-single-image-wrap.shortcode-single-image-f8e163aaeed93edf851465e36ea2f85f .rollover-icon {\n  background: rgba(255,255,255,0.3);\n  box-shadow: none;\n}<\/style><div class=\"shortcode-single-image-wrap shortcode-single-image-f8e163aaeed93edf851465e36ea2f85f alignnone  vc_custom_1708594447218 enable-bg-rollover dt-icon-bg-off\" ><div class=\"shortcode-single-image\"><div class=\"fancy-media-wrap  layzr-bg\" style=\"\"><img fetchpriority=\"high\" decoding=\"async\" class=\"preload-me lazy-load aspect\" src=\"data:image\/svg+xml,%3Csvg%20xmlns%3D&#39;http%3A%2F%2Fwww.w3.org%2F2000%2Fsvg&#39;%20viewBox%3D&#39;0%200%20478%20284&#39;%2F%3E\" data-src=\"https:\/\/macchiafaggeta.com\/wp-content\/uploads\/2024\/02\/ci_pefc_2.jpg\" data-srcset=\"https:\/\/macchiafaggeta.com\/wp-content\/uploads\/2024\/02\/ci_pefc_2.jpg 478w\" loading=\"eager\" sizes=\"(max-width: 478px) 100vw, 478px\" width=\"478\" height=\"284\"  data-dt-location=\"https:\/\/macchiafaggeta.com\/?attachment_id=124\" style=\"--ratio: 478 \/ 284;\" alt=\"\" \/><\/div><\/div><\/div>[\/vc_column][\/vc_row]<\/p>\n<\/div>","protected":false},"excerpt":{"rendered":"<p>[vc_row][vc_column][vc_column_text]Il percorso proposto dal PEFC per la certificazione forestale, descritto nel &#8220;Documento tecnico&#8221; presentato in occasione della Conferenza Interministeriale di Lisbona (1998), si sviluppa attraverso appositi standard, rappresentati da 6 criteri che costituiscono la base per lo sviluppo di uno schema di certificazione nazionale (o di livello inferiore) che soddisfi i requisiti della definizione, stabilita&hellip;<\/p>\n","protected":false},"author":1,"featured_media":0,"parent":0,"menu_order":0,"comment_status":"closed","ping_status":"closed","template":"","meta":{"footnotes":""},"class_list":["post-122","page","type-page","status-publish","hentry","description-off"],"_links":{"self":[{"href":"https:\/\/macchiafaggeta.com\/index.php?rest_route=\/wp\/v2\/pages\/122","targetHints":{"allow":["GET"]}}],"collection":[{"href":"https:\/\/macchiafaggeta.com\/index.php?rest_route=\/wp\/v2\/pages"}],"about":[{"href":"https:\/\/macchiafaggeta.com\/index.php?rest_route=\/wp\/v2\/types\/page"}],"author":[{"embeddable":true,"href":"https:\/\/macchiafaggeta.com\/index.php?rest_route=\/wp\/v2\/users\/1"}],"replies":[{"embeddable":true,"href":"https:\/\/macchiafaggeta.com\/index.php?rest_route=%2Fwp%2Fv2%2Fcomments&post=122"}],"version-history":[{"count":3,"href":"https:\/\/macchiafaggeta.com\/index.php?rest_route=\/wp\/v2\/pages\/122\/revisions"}],"predecessor-version":[{"id":501,"href":"https:\/\/macchiafaggeta.com\/index.php?rest_route=\/wp\/v2\/pages\/122\/revisions\/501"}],"wp:attachment":[{"href":"https:\/\/macchiafaggeta.com\/index.php?rest_route=%2Fwp%2Fv2%2Fmedia&parent=122"}],"curies":[{"name":"wp","href":"https:\/\/api.w.org\/{rel}","templated":true}]}}