{"id":9,"date":"2024-02-21T18:33:41","date_gmt":"2024-02-21T17:33:41","guid":{"rendered":"https:\/\/macchiafaggeta.com\/?page_id=9"},"modified":"2025-03-25T15:49:00","modified_gmt":"2025-03-25T14:49:00","slug":"chi-siamo","status":"publish","type":"page","link":"https:\/\/macchiafaggeta.com\/?page_id=9","title":{"rendered":"Chi Siamo"},"content":{"rendered":"<div class=\"wpb-content-wrapper\"><p>[vc_row][vc_column][vc_column_text css=&#8221;&#8221;]<\/p>\n<h3>CONSIGLIO DI AMMINISTRAZIONE (in carica dal 2023 al 2026)<\/h3>\n<table>\n<thead>\n<tr>\n<th>Cognome e Nome<\/th>\n<th>Carica Ricoperta<\/th>\n<th>Capostipite attuale<\/th>\n<\/tr>\n<\/thead>\n<tbody>\n<tr class=\"odd\">\n<td>Nottolini Sergio<\/td>\n<td>Presidente<\/td>\n<td>Sabatini Lino<\/td>\n<\/tr>\n<tr>\n<td>Romani Lucia<\/td>\n<td>Vice Presidente<\/td>\n<td>Pacchierini Agnese<\/td>\n<\/tr>\n<tr class=\"odd\">\n<td>Prezzolini Lucio<\/td>\n<td>Cons. Nomina Assembleare<\/td>\n<td>Carli Pierluigi<\/td>\n<\/tr>\n<tr>\n<td>Guerrini Paolo<\/td>\n<td>Cons. Nomina Assembleare<\/td>\n<td>Baiocchi Leonella<\/td>\n<\/tr>\n<tr class=\"odd\">\n<td>Canestri Aurelio<\/td>\n<td>Cons.Nomina Assembleare<\/td>\n<td>Canestri Aurelio<\/td>\n<\/tr>\n<tr>\n<td>Visconti Edo<\/td>\n<td>Cons. Nomina Assembleare<\/td>\n<td>Visconti Edo<\/td>\n<\/tr>\n<tr class=\"odd\">\n<td>* Taliani Tosca<\/td>\n<td>Cons.Nomina Assembleare<\/td>\n<td>Taliani Lido<\/td>\n<\/tr>\n<tr>\n<td>** Mammolotti Cinzia<\/td>\n<td>Cons.Nomina Assembleare<\/td>\n<td>Mammolotti Cinzia<\/td>\n<\/tr>\n<\/tbody>\n<\/table>\n<h3>COLLEGIO SINDACALE(in carica dal 2023 al 2026)<\/h3>\n<table>\n<thead>\n<tr>\n<th>Cognome e Nome<\/th>\n<th>Carica Ricoperta<\/th>\n<th>Capostipite attuale<\/th>\n<\/tr>\n<\/thead>\n<tbody>\n<tr class=\"odd\">\n<td>Guerrini Antonio<\/td>\n<td>Presidente Collegio Sindacale<\/td>\n<td>Mili Bernardino<\/td>\n<\/tr>\n<tr>\n<td>Contorni Mario<\/td>\n<td>Sindaco Revisore<\/td>\n<td>Contorni Mario<\/td>\n<\/tr>\n<tr class=\"odd\">\n<td>Pacini Giampaolo<\/td>\n<td>Sindaco Revisore<\/td>\n<td>Pacini Claudio<\/td>\n<\/tr>\n<\/tbody>\n<\/table>\n<p>&nbsp;<\/p>\n<p>* A seguito della ratifica delle dimissioni del consigliere Visconti Edo nella riunione del consiglio di Amministrazione del\u00a0 08.05.2023, \u00e8 stata chiamata a far parte del consiglio di amministrazione la sig.ra Taliani Tosca come da articolo 16 dello statuto.<\/p>\n<p>** A seguito della scomparsa del Sig. Aurelio Canestri, come da art. 16 dello statuto, \u00e8 stata chiamata a far parte del consiglio di Amministrazione ed ha accettato l&#8217;incarico in data 27.01.2025 la Sig.ra Cinzia Mammolotti.<\/p>\n<h3>ORDINAMENTO DELLA SOCIETA&#8217;<\/h3>\n<p>La Societ\u00e0 Macchia Faggeta, quale fu costituita con pubblico strumento notarile 28 Febbraio 1800 con le statuzioni di cui alla sentenza del Tribunale di Montepulciano del 19.02.1944, \u00e9 una Societ\u00e0 particolare, Faggio Monte Amiataautonoma, avente per oggetto il godimento e lo sfruttamento del tenimento boschivo di propriet\u00e0 sociale denominato &#8220;Macchia Faggeta&#8221; nonch\u00e9 il compimento di attivit\u00e0 connesse alla valorizzazione del patrimonio sociale nell&#8217;interesse dei Soci.<\/p>\n<p>Rientrano nell&#8217;oggetto sociale, la trasformazione di singoli appezzamenti di terreno facenti parte del tenimento di propriet\u00e0 sociale, la trasformazione industriale del legname in prodotti grezzi e finiti, l&#8217;esercizio di funivie, ascensori, \u00a0sciovie, slittovie ed altri mezzi di trasporto a funi senza rotaie in servizio pubblico, l&#8217;esercizio di attivit\u00e0 alberghiere e di impianti sportivi in genere, e comunque, il compimento di tutte le operazioni attinenti alle attivit\u00e0 sopra specificate o con esse collegate.<\/p>\n<p>Possibili alienazioni o permute di singoli appezzamenti di terreno sociale, ovvero atti che possano incidere gravemente sul patrimonio della Societ\u00e0 Macchia Faggeta, potranno avvenire solo con deliberazione propositiva presa a maggioranza dei voti del ConsiglioFosso Monte Amiata di Amministrazione, deliberazione propositiva presa a maggioranza dei voti del Consiglio di Amministrazione, deliberazione che dovr\u00e0 essere sottoposta a ratifica dell&#8217;Assemblea ordinaria dei Soci, e sar\u00e0 valida la decisione presa a maggioranza dei 2\/3 dei Soci presenti.<\/p>\n<p>La Societ\u00e0 potr\u00e0 compiere tutte le operazioni immobiliari, mobiliari e finanziarie, contrarre mutui passivi per il raggiungimento dell&#8217;oggetto sociale e potr\u00e0 costituire Societ\u00e0 ed assumere partecipazioni, quote in Societ\u00e0, Enti ed Aziende aventi uno scopo affine, con finalit\u00e0 di favorire la realizzazione dei programmi di sviluppo sociale e culturale della Citt\u00e0 di Abbadia S.Salvatore ed \u00a0incrementare l\u2019assistenza ai Soci ed agli Enti cittadini. Sono escluse in modo assoluto operazioni di borsa a carattere di speculazione.<\/p>\n<p>La Societ\u00e0 Macchia Faggeta non ha scopo di lucro e le quote sono INALIENABILI, INESPROPRIABILI E NON SOGGETTE A LIQUIDAZIONE.[\/vc_column_text][\/vc_column][\/vc_row]<\/p>\n<\/div>","protected":false},"excerpt":{"rendered":"<p>[vc_row][vc_column][vc_column_text css=&#8221;&#8221;] CONSIGLIO DI AMMINISTRAZIONE (in carica dal 2023 al 2026) Cognome e Nome Carica Ricoperta Capostipite attuale Nottolini Sergio Presidente Sabatini Lino Romani Lucia Vice Presidente Pacchierini Agnese Prezzolini Lucio Cons. Nomina Assembleare Carli Pierluigi Guerrini Paolo Cons. Nomina Assembleare Baiocchi Leonella Canestri Aurelio Cons.Nomina Assembleare Canestri Aurelio Visconti Edo Cons. Nomina Assembleare Visconti&hellip;<\/p>\n","protected":false},"author":1,"featured_media":0,"parent":13,"menu_order":0,"comment_status":"closed","ping_status":"closed","template":"","meta":{"footnotes":""},"class_list":["post-9","page","type-page","status-publish","hentry","description-off"],"_links":{"self":[{"href":"https:\/\/macchiafaggeta.com\/index.php?rest_route=\/wp\/v2\/pages\/9","targetHints":{"allow":["GET"]}}],"collection":[{"href":"https:\/\/macchiafaggeta.com\/index.php?rest_route=\/wp\/v2\/pages"}],"about":[{"href":"https:\/\/macchiafaggeta.com\/index.php?rest_route=\/wp\/v2\/types\/page"}],"author":[{"embeddable":true,"href":"https:\/\/macchiafaggeta.com\/index.php?rest_route=\/wp\/v2\/users\/1"}],"replies":[{"embeddable":true,"href":"https:\/\/macchiafaggeta.com\/index.php?rest_route=%2Fwp%2Fv2%2Fcomments&post=9"}],"version-history":[{"count":6,"href":"https:\/\/macchiafaggeta.com\/index.php?rest_route=\/wp\/v2\/pages\/9\/revisions"}],"predecessor-version":[{"id":1374,"href":"https:\/\/macchiafaggeta.com\/index.php?rest_route=\/wp\/v2\/pages\/9\/revisions\/1374"}],"up":[{"embeddable":true,"href":"https:\/\/macchiafaggeta.com\/index.php?rest_route=\/wp\/v2\/pages\/13"}],"wp:attachment":[{"href":"https:\/\/macchiafaggeta.com\/index.php?rest_route=%2Fwp%2Fv2%2Fmedia&parent=9"}],"curies":[{"name":"wp","href":"https:\/\/api.w.org\/{rel}","templated":true}]}}

<div class="wpb-content-wrapper"><p>[vc_row][vc_column][vc_column_text css=&#8221;&#8221;]</p>
<h3>CONSIGLIO DI AMMINISTRAZIONE (in carica dal 2023 al 2026)</h3>
<table>
<thead>
<tr>
<th>Cognome e Nome</th>
<th>Carica Ricoperta</th>
<th>Capostipite attuale</th>
</tr>
</thead>
<tbody>
<tr class="odd">
<td>Nottolini Sergio</td>
<td>Presidente</td>
<td>Sabatini Lino</td>
</tr>
<tr>
<td>Romani Lucia</td>
<td>Vice Presidente</td>
<td>Pacchierini Agnese</td>
</tr>
<tr class="odd">
<td>Prezzolini Lucio</td>
<td>Cons. Nomina Assembleare</td>
<td>Carli Pierluigi</td>
</tr>
<tr>
<td>Guerrini Paolo</td>
<td>Cons. Nomina Assembleare</td>
<td>Baiocchi Leonella</td>
</tr>
<tr class="odd">
<td>Canestri Aurelio</td>
<td>Cons.Nomina Assembleare</td>
<td>Canestri Aurelio</td>
</tr>
<tr>
<td>Visconti Edo</td>
<td>Cons. Nomina Assembleare</td>
<td>Visconti Edo</td>
</tr>
<tr class="odd">
<td>* Taliani Tosca</td>
<td>Cons.Nomina Assembleare</td>
<td>Taliani Lido</td>
</tr>
<tr>
<td>** Mammolotti Cinzia</td>
<td>Cons.Nomina Assembleare</td>
<td>Mammolotti Cinzia</td>
</tr>
</tbody>
</table>
<h3>COLLEGIO SINDACALE(in carica dal 2023 al 2026)</h3>
<table>
<thead>
<tr>
<th>Cognome e Nome</th>
<th>Carica Ricoperta</th>
<th>Capostipite attuale</th>
</tr>
</thead>
<tbody>
<tr class="odd">
<td>Guerrini Antonio</td>
<td>Presidente Collegio Sindacale</td>
<td>Mili Bernardino</td>
</tr>
<tr>
<td>Contorni Mario</td>
<td>Sindaco Revisore</td>
<td>Contorni Mario</td>
</tr>
<tr class="odd">
<td>Pacini Giampaolo</td>
<td>Sindaco Revisore</td>
<td>Pacini Claudio</td>
</tr>
</tbody>
</table>
<p>&nbsp;</p>
<p>* A seguito della ratifica delle dimissioni del consigliere Visconti Edo nella riunione del consiglio di Amministrazione del  08.05.2023, è stata chiamata a far parte del consiglio di amministrazione la sig.ra Taliani Tosca come da articolo 16 dello statuto.</p>
<p>** A seguito della scomparsa del Sig. Aurelio Canestri, come da art. 16 dello statuto, è stata chiamata a far parte del consiglio di Amministrazione ed ha accettato l&#8217;incarico in data 27.01.2025 la Sig.ra Cinzia Mammolotti.</p>
<h3>ORDINAMENTO DELLA SOCIETA&#8217;</h3>
<p>La Società Macchia Faggeta, quale fu costituita con pubblico strumento notarile 28 Febbraio 1800 con le statuzioni di cui alla sentenza del Tribunale di Montepulciano del 19.02.1944, é una Società particolare, Faggio Monte Amiataautonoma, avente per oggetto il godimento e lo sfruttamento del tenimento boschivo di proprietà sociale denominato &#8220;Macchia Faggeta&#8221; nonché il compimento di attività connesse alla valorizzazione del patrimonio sociale nell&#8217;interesse dei Soci.</p>
<p>Rientrano nell&#8217;oggetto sociale, la trasformazione di singoli appezzamenti di terreno facenti parte del tenimento di proprietà sociale, la trasformazione industriale del legname in prodotti grezzi e finiti, l&#8217;esercizio di funivie, ascensori,  sciovie, slittovie ed altri mezzi di trasporto a funi senza rotaie in servizio pubblico, l&#8217;esercizio di attività alberghiere e di impianti sportivi in genere, e comunque, il compimento di tutte le operazioni attinenti alle attività sopra specificate o con esse collegate.</p>
<p>Possibili alienazioni o permute di singoli appezzamenti di terreno sociale, ovvero atti che possano incidere gravemente sul patrimonio della Società Macchia Faggeta, potranno avvenire solo con deliberazione propositiva presa a maggioranza dei voti del ConsiglioFosso Monte Amiata di Amministrazione, deliberazione propositiva presa a maggioranza dei voti del Consiglio di Amministrazione, deliberazione che dovrà essere sottoposta a ratifica dell&#8217;Assemblea ordinaria dei Soci, e sarà valida la decisione presa a maggioranza dei 2/3 dei Soci presenti.</p>
<p>La Società potrà compiere tutte le operazioni immobiliari, mobiliari e finanziarie, contrarre mutui passivi per il raggiungimento dell&#8217;oggetto sociale e potrà costituire Società ed assumere partecipazioni, quote in Società, Enti ed Aziende aventi uno scopo affine, con finalità di favorire la realizzazione dei programmi di sviluppo sociale e culturale della Città di Abbadia S.Salvatore ed  incrementare l’assistenza ai Soci ed agli Enti cittadini. Sono escluse in modo assoluto operazioni di borsa a carattere di speculazione.</p>
<p>La Società Macchia Faggeta non ha scopo di lucro e le quote sono INALIENABILI, INESPROPRIABILI E NON SOGGETTE A LIQUIDAZIONE.[/vc_column_text][/vc_column][/vc_row]</p>
</div>
